?
5
Let m = -13 + 27. Calculate the highest common divisor of m and 7.
7
Let z(j) = 16*j + 2. Let g be z(1). Calculate the highest common divisor of 9 and g.
9
Suppose -20*i + 6 = -17*i. What is the highest common factor of i and 16?
2
Suppose -3 + 17 = 2*i. Calculate the greatest common divisor of 14 and i.
7
Let d = 149 + -39. Suppose 0 = -3*p + 15 + 15. Calculate the greatest common factor of d and p.
10
Let y(s) = -s**2 + 10*s + 12. Let v be y(6). Calculate the highest common divisor of v and 9.
9
Let k = 152 - 76. What is the greatest common factor of k and 19?
19
Let g = 305 - 173. What is the greatest common factor of g and 11?
11
Let m be (-14)/4*(-9 - -7). Calculate the greatest common factor of m and 7.
7
Let k(i) = -i**2 + 7*i - 4. Let x be k(6). Suppose x*c + 0*q = 3*q + 261, -5*c + 681 = 2*q. Let v = c - 81. Calculate the highest common factor of 6 and v.
6
Suppose -3*u - 6 - 42 = -y, -y + 48 = -2*u. Calculate the greatest common factor of 3 and y.
3
Let v be ((-1 - 2) + 8)*-1. Let o be (1 - -117) + v + 7. What is the highest common factor of o and 15?
15
Let u(y) be the third derivative of -y**5/60 + y**4/3 - 5*y**3/6 + 2*y**2. Let f be u(7). What is the greatest common divisor of f and 16?
2
Let f(m) = 3*m + 10. Let t be f(3). What is the greatest common divisor of 57 and t?
19
Let v be 5 + 1/(-2)*2. Suppose 2*g = -4*q + 28, 3*q - 19 = -v*g - 3. What is the highest common factor of 1 and q?
1
Suppose -4*j + 5*r = -22, -2*r + 36 = 4*j - 0. Let o = j + 0. What is the greatest common factor of 16 and o?
8
Let i be ((-22)/4)/(1/(-14)). Calculate the greatest common divisor of 44 and i.
11
Let i be (2 - (-16)/(-4))*181. Let s(z) = z**2 - 3*z - 2. Let x be s(4). Let c be x/(-6) + i/(-6). What is the greatest common divisor of 12 and c?
12
Suppose 3*m = 1 + 11. Suppose 0*t - t = -m. What is the highest common divisor of t and 4?
4
Let z = 826 + -256. What is the highest common divisor of 57 and z?
57
Let u = -9 - -15. Suppose -u + 1 = 5*t. Let f = 2 + t. What is the highest common divisor of 2 and f?
1
Suppose -1 = -4*w - 5*z + 6, 2*w - 5 = -z. Calculate the highest common divisor of 3 and w.
3
Suppose 6 = 2*i, 0*a - 3*i + 1153 = 4*a. Calculate the highest common factor of 26 and a.
26
Suppose -5*m - 3 = -k + 3*k, 2*k + 2*m = 0. Let l be 9 + 0 - (k - 0). Suppose r - 2 - l = 0. Calculate the greatest common factor of 80 and r.
10
Let x = -1 + 3. Let i be x - (-23 - -2) - 1. Suppose 4*m = 11*m - 77. What is the greatest common factor of i and m?
11
Let v(x) = x**3 - x + 9. Let h be (3 + 3)/((-6)/(-4)). Suppose 3*g = -12, 0*d - h*g = 3*d + 16. Let p be v(d). Calculate the highest common factor of 9 and p.
9
Suppose 5*d - p - 18 = 0, 3*d - p - 4 = 6. What is the greatest common factor of 4 and d?
4
Let p(j) = -2*j - 2. Let h be p(-3). Let f(v) = v**3 - 7*v**2 - v + 6. Let u be f(7). Let n be u/2 + (-73)/(-2). What is the highest common divisor of n and h?
4
Let n = 10 + -6. Suppose -n*u - 175 = u. Let f = 89 + u. What is the highest common factor of f and 6?
6
Suppose 55 - 22 = l. Suppose -5*g = -8 + l. Let j(q) = -q**3 - 3*q**2 - q + 1. Let d be j(g). Calculate the highest common factor of d and 7.
7
Let g be (-18)/4*4*(-7)/21. Calculate the highest common factor of g and 96.
6
Suppose -6*o - 36 = -4*o. Let t be o/(-4)*12/9. Suppose -177 = -4*y - 3*p, y + 3*p - 36 - 15 = 0. What is the highest common factor of t and y?
6
Suppose -55 = b - y, 0 = -3*b - b - 5*y - 211. Suppose -4*a = -296 - 404. Let t = a + b. Calculate the greatest common factor of 11 and t.
11
Suppose 0 = 3*c - 3*l - 0*l + 9, -3*c = l + 9. Let n be 21*((-6 - c) + 5). What is the greatest common divisor of 28 and n?
14
Let y(r) = r**2 + 3*r - 3. Let t be y(-3). Let u be 1 + -3 + (1 - t). What is the greatest common divisor of u and 18?
2
Suppose -x + 8 = 4*q - 2*q, 0 = q + 3*x - 9. Let m be -1 + 1 + -2 + 11. What is the highest common factor of q and m?
3
Suppose -3 = -u, 3*u = 3*k + 2*u - 3. Suppose -k*d + 0*d = -4*y + 32, -5*y + 3*d = -40. What is the highest common divisor of 64 and y?
8
Suppose j = i - 3*j - 10, 0 = -5*i - j + 113. Let g = 2 + i. Calculate the greatest common divisor of 3 and g.
3
Suppose z - 2 = -n, z + 2*n = -0*n + 2. Suppose 0 = -2*p - z*t - 132, -p - p - 4*t = 132. Let k = p - -108. Calculate the highest common factor of k and 6.
6
Suppose 4*n - 90 = -n. Suppose -3*t + 504 = 72. Calculate the greatest common factor of n and t.
18
Suppose 2*f - 2*n = -5*n + 34, -43 = -5*f + 3*n. What is the greatest common factor of 22 and f?
11
Let s be -1*((-285)/(-5))/(-3). Calculate the greatest common divisor of 209 and s.
19
Let a = -77 + 119. What is the greatest common factor of 21 and a?
21
Let a(k) be the third derivative of -k**4/8 - k**2. Let r be a(-1). Suppose q = -r*l, -3*l = q + 2*q - 30. What is the greatest common divisor of 120 and q?
15
Suppose 5*s = -15 + 60. Calculate the greatest common divisor of 90 and s.
9
Let f(p) = 3*p**2 - p. Let y be f(1). Suppose -y*w + 0 = -12. Calculate the highest common factor of 3 and w.
3
Let d(m) = m**3 - 4*m**2 + m - 2. Let o be d(4). Suppose 7*x - 10 = o*x. Let l = x + 0. Calculate the highest common factor of 12 and l.
2
Let s(m) = -m**2 + 6*m + 5. Let v be s(4). Let q be (0 - 1)/(1/(-218)). Suppose 4*l - q = 2*i, -6*i + i = 25. Calculate the greatest common factor of l and v.
13
Let c be (-6)/4 + 62/(-4). Let r = 32 + c. Calculate the highest common divisor of 30 and r.
15
Suppose 0 = 7*z + 4*z - 66. Calculate the highest common divisor of z and 24.
6
Let r(m) = -m**2 + 5*m - 2. Let z be r(3). Suppose -3*p - 49 = -z*p. Let a be (14/(-6))/((-2)/6). What is the greatest common divisor of a and p?
7
Let w(s) = 8*s**2 - 4*s - 4. Let q be w(4). Suppose 6 = -4*g + 54. Calculate the highest common factor of q and g.
12
Let r be 250/9 - (-4)/18. Calculate the highest common divisor of r and 70.
14
Suppose 0 = 4*g + 4*z - 4, 3*g = -g - 2*z + 8. Let q be g/(-9) + (-80)/(-6). What is the greatest common divisor of 39 and q?
13
Let q(t) = t**2 - 4*t - 3. Let g be q(6). Suppose -64 = -4*h + 12. Suppose 3*a + h = 3*c + a, 2*c - 3*a = 21. Calculate the highest common divisor of g and c.
3
Let l = 8 - 2. Suppose l*k = 2*k + 204. What is the greatest common divisor of 34 and k?
17
Let z = -26 + 74. Suppose -3*w - 5*r + 15 = 0, -w + 5 = 3*r - 8*r. Let y be ((-9)/w)/(6/(-20)). Calculate the greatest common divisor of z and y.
6
Let t(s) = s**2 + 5*s - 3. Let a be t(-9). What is the highest common factor of 363 and a?
33
Let g(x) = x**2 - 2*x + 13. Let r be g(0). What is the greatest common factor of 65 and r?
13
Let s = 3 + 7. Suppose 0 = 5*y - 3*y. Let v be 4/8*y + 40. What is the highest common factor of s and v?
10
Suppose 0 = 4*f + 3*l + 5 - 22, 4*f - 22 = 2*l. Suppose h + 110 = c, 0*h - 562 = -f*c - h. What is the greatest common factor of 14 and c?
14
Let x(w) = -w**3 - 8*w**2 + 10*w + 12. Let v be x(-9). Suppose 4*f - 196 = -v*y - 0*f, -y = f - 64. Calculate the greatest common factor of y and 24.
12
Let o(q) = 11*q**2 - q. Let h be o(-1). Suppose 5*n = -2*v + 128, -v - 2*n + 13 = -50. Let w be v + (-2 + 3)*1. Calculate the greatest common factor of w and h.
12
Let u(l) = -l**3 - 6*l**2 - 3*l. Let h be u(-6). Suppose z - 3*y = 2*y - 3, 5*z = 4*y + 48. What is the greatest common factor of z and h?
6
Suppose -4*d + 2*z = -z, 0 = -3*d - 5*z. Suppose -4 = 2*n - d*n. Let s = n + 22. Calculate the highest common divisor of s and 8.
4
Let w = -5 - -31. Calculate the highest common divisor of 65 and w.
13
Let t(f) = f**3 + 6*f**2 - 3*f - 4. Let c be t(-5). Suppose -2*b = -6*b + 8. Suppose x = b*x - 4. Calculate the highest common divisor of c and x.
4
Let y(p) = p**3 - 2*p**2 - 7*p + 5. Let g be y(4). Suppose 0 = -g*b + 12*b - 6. Calculate the highest common divisor of 3 and b.
1
Suppose 0*w + 5*w + 20 = 0. Let x be 74/9 + w/18. Let z be -1 - (1 + -2 - 64). Calculate the greatest common divisor of x and z.
8
Let c = -10 - -13. Suppose c*l = -2*l + 750. Calculate the highest common divisor of l and 30.
30
Let o = -1 + 0. Let w be ((-2)/3)/(o/12). Let r be 330/25*(-80)/(-12). Calculate the highest common divisor of w and r.
8
Suppose -r + 4 = -6. Suppose 0 = -2*c + 7*c - r. Calculate the highest common divisor of 22 and c.
